True
Does 13 divide 46800?
True
Is 353 a factor of 18709?
True
Does 2 divide 231868?
True
Does 763 divide 20227893?
True
Is 10 a factor of 26120?
True
Does 14 divide 8601025?
False
Is 58 a factor of 1424944?
True
Does 6 divide 757969?
False
Is 63 a factor of 72765?
True
Is 51623 a multiple of 24?
False
Is 18 a factor of 4460598?
True
Is 6 a factor of 192960?
True
Is 49 a factor of 400132?
False
Is 672 a factor of 219744?
True
Is 635540 a multiple of 16?
False
Is 1081621 a multiple of 37?
True
Does 414 divide 445464?
True
Does 5 divide 27855?
True
Does 26 divide 3467542?
True
Does 27 divide 1064151?
True
Is 145515 a multiple of 629?
False
Does 81 divide 17888040?
True
Is 21 a factor of 1338915?
False
Is 166788 a multiple of 82?
True
Does 20 divide 260215?
False
Is 5 a factor of 219101?
False
Does 77 divide 483571?
False
Does 13 divide 227383?
True
Does 384 divide 3724800?
True
Does 234 divide 1687608?
True
Is 64 a factor of 5859072?
True
Is 144585 a multiple of 315?
True
Does 466 divide 210712?
False
Does 43 divide 14378168?
True
Is 1856848 a multiple of 7?
True
Does 18 divide 5809032?
True
Is 6945206 a multiple of 24?
False
Does 9 divide 29034?
True
Is 751575 a multiple of 825?
True
Is 64 a factor of 618714?
False
Is 1586317 a multiple of 609?
False
Does 723 divide 7173981?
False
Does 17 divide 91443?
True
Is 1380583 a multiple of 353?
True
Does 6 divide 3129664?
False
Is 53 a factor of 49601?
False
Is 7 a factor of 198583?
True
Is 5539159 a multiple of 53?
False
Does 139 divide 64467?
False
Is 46 a factor of 897506?
True
Does 68 divide 64062?
False
Is 482059 a multiple of 197?
True
Is 73 a factor of 4163628?
True
Does 133 divide 1812125?
True
Is 30 a factor of 3170100?
True
Is 167 a factor of 12440230?
False
Is 4690434 a multiple of 7?
True
Does 105 divide 305025?
True
Is 40 a factor of 279302?
False
Does 33 divide 15595?
False
Is 87 a factor of 161907?
True
Does 3 divide 95513?
False
Is 150792 a multiple of 103?
True
Is 418992 a multiple of 8?
True
Is 37 a factor of 41758?
False
Is 257068 a multiple of 55?
False
Is 25488 a multiple of 236?
True
Is 17682 a multiple of 10?
False
Is 4349809 a multiple of 35?
False
Does 15 divide 1283055?
True
Is 17 a factor of 67949?
True
Does 27 divide 39562?
False
Does 337 divide 3779010?
False
Is 347 a factor of 305752?
False
Is 702 a factor of 3568312?
False
Is 23 a factor of 24024?
False
Is 398 a factor of 12776198?
True
Does 28 divide 14812?
True
Is 348158 a multiple of 5?
False
Is 344 a factor of 199520?
True
Does 81 divide 227434?
False
Is 2 a factor of 7103?
False
Does 250 divide 1463750?
True
Is 9632126 a multiple of 931?
True
Is 3015521 a multiple of 205?
False
Is 322 a factor of 196098?
True
Is 1080549 a multiple of 71?
True
Is 50701 a multiple of 7?
True
Does 118 divide 1049492?
True
Does 11 divide 409342?
False
Is 209 a factor of 11940170?
True
Is 15 a factor of 28313561?
False
Does 48 divide 10680528?
True
Is 322184 a multiple of 103?
True
Does 264 divide 4827240?
True
Is 245513 a multiple of 17?
False
Is 64 a factor of 732255?
False
Is 382270 a multiple of 104?
False
Does 741 divide 2161202?
False
Does 7 divide 14847?
True
Is 1001738 a multiple of 560?
False
Does 845 divide 1863225?
True
Does 81 divide 38355?
False
Is 57 a factor of 193059?
True
Does 57 divide 7190?
False
Is 142004 a multiple of 215?
False
Is 10 a factor of 2950?
True
Is 10829 a multiple of 49?
True
Is 76111 a multiple of 2?
False
Does 37 divide 12635167?
True
Is 230040 a multiple of 15?
True
Does 10 divide 1765605?
False
Does 75 divide 18838725?
True
Is 2662514 a multiple of 76?
False
Does 133 divide 9578394?
True
Is 8 a factor of 545524?
False
Does 25 divide 26910134?
False
Does 1534 divide 9193262?
True
Does 497 divide 13781810?
True
Is 9318 a multiple of 166?
False
Does 231 divide 4287591?
True
Is 114 a factor of 1078440?
True
Is 7 a factor of 22288?
True
Is 4449686 a multiple of 361?
True
Is 4 a factor of 47291?
False
Is 443840 a multiple of 16?
True
Is 6 a factor of 3347664?
True
Does 123 divide 2611377?
False
Is 1852098 a multiple of 34?
False
Does 123 divide 92373?
True
Does 288 divide 308448?
True
Does 40 divide 2047522?
False
Does 60 divide 70680?
True
Is 192770 a multiple of 49?
False
Is 15207 a multiple of 2?
False
Is 11 a factor of 121407?
True
Is 204895 a multiple of 13?
False
Is 159852 a multiple of 12?
True
Is 35 a factor of 85122?
False
Does 2 divide 824159?
False
Is 40871 a multiple of 14?
False
Is 52599 a multiple of 25?
False
Does 17 divide 1456932?
False
Does 13 divide 244751?
True
Does 233 divide 79673?
False
Is 37992021 a multiple of 18?
False
Is 1202705 a multiple of 479?
False
Is 315 a factor of 7345485?
True
Is 1529044 a multiple of 44?
True
Is 1387296 a multiple of 288?
True
Is 8 a factor of 535505?
False
Is 274 a factor of 30688?
True
Is 134118 a multiple of 9?
True
Is 20 a factor of 73900?
True
Does 3 divide 25675?
False
Is 174476 a multiple of 212?
True
Is 84350 a multiple of 293?
False
Is 252160 a multiple of 320?
True
Is 25 a factor of 230925?
True
Is 273520 a multiple of 260?
True
Does 177 divide 4260036?
True
Is 5 a factor of 144540?
True
Is 175 a factor of 2977871?
False
Is 609260 a multiple of 75?
False
Is 341295 a multiple of 113?
False
Is 13 a factor of 7218844?
False
Is 7476195 a multiple of 77?
False
Does 34 divide 1259970?
False
Does 9 divide 5186823?
False
Is 73 a factor of 2014946?
True
Is 6931647 a multiple of 36?
False
Is 3170310 a multiple of 110?
True
Does 44 divide 2233902?
False
Is 66521 a multiple of 91?
True
Is 1763538 a multiple of 49?
False
Is 2474803 a multiple of 856?
False
Is 61 a factor of 103883?
True
Does 15 divide 82997?
False
Does 2 divide 48387?
False
Does 42 divide 300895?
False
Is 8 a factor of 22560?
True
Is 208674 a multiple of 10?
False
Is 15 a factor of 59085?
True
Does 17 divide 3067766?
False
Is 241864 a multiple of 34?
False
Is 111204 a multiple of 75?
False
Is 1029270 a multiple of 699?
False
Is 6 a factor of 43802?
False
Is 19466502 a multiple of 11?
True
Is 57 a factor of 5284413?
True
Is 22 a factor of 46251?
False
Is 135 a factor of 1079010?
False
Does 635 divide 893445?
True
Does 25 divide 19489?
False
Is 5205433 a multiple of 14?
False
Does 39 divide 100109?
False
Is 2853532 a multiple of 22?
True
Is 14 a factor of 9366001?
False
Does 47 divide 73132?
True
Is 211 a factor of 8086153?
True
Is 85687 a multiple of 105?
False
Does 42 divide 113471?
False
Is 299 a factor of 2551091?
False
Is 980076 a multiple of 212?
True
Is 184 a factor of 139656?
True
Is 122 a factor of 2892498?
True
Is 154 a factor of 8805532?
False
Is 31834 a multiple of 11?
True
Is 37 a factor of 135526?
False
Is 1223597 even?
False
Does 436 divide 100280?
True
Is 3037050 a multiple of 1191?
True
Is 299 a factor of 9578764?
True
Is 4597950 a multiple of 435?
True
Is 7 a factor of 423822?
True
Is 50 a factor of 5993350?
True
Is 28 a factor of 2074912?
True
Is 1328778 a multiple of 25?
False
Is 33782 a multiple of 133?
True
Is 41 a factor of 221359?
True
Does 12 divide 66420?
True
Is 1800120 a multiple of 398?
False
Is 41 a factor of 114226?
True
Does 959 divide 5565212?
False
Does 4 divide 60075?
False
Does 13 divide 30036?
False
Does 16 divide 35773?
False
Is 20749890 a multiple of 26?
False
Is 444 a factor of 54612?
True
Is 24 a factor of 41592?
True
Does 15 divide 144724?
False
Is 3569425 a multiple of 121?
False
Is 2399668 a multiple of 226?
True
Is 7386832 a multiple of 13?
False
Is 141270 a multiple of 15?
True
Does 50 divide 137600?
True
Does 12 divide 831299?
False
Does 656 divide 370640?
True
Does 1180 divide 171100?
True
Is 200934 a multiple of 95?
False
Does 15 divide 4526?
False
Does 486 divide 5177358?
True
Is 10916899 a multiple of 72?
False
Is 430637 a multiple of 11?
False
Does 35 divide 2948330?
True
Is 267 a factor of 4932358?
False
Is 1175251 a multiple of 11?
True
Does 41 divide 491693?
False
Is 6130336 a multiple of 28?
False
Is 45803 a multiple of 30?
False
Is 778782 a multiple of 31?
True
Is 303 a factor of 529947?
True
Is 42 a factor of 17687?
False
Does 35 divide 18375?
True
Does 964 divide 5847679?
False
Is 2110106 a multiple of 21?
False
Is 6201328 a multiple of 14?
True
Is 4391354 a multiple of 7?
False
Does 13 divide 233778?
False
Is 29 a factor of 2894